{"id":8,"date":"2020-09-07T22:32:48","date_gmt":"2020-09-07T22:32:48","guid":{"rendered":"https:\/\/ufuktandeniz.com\/?page_id=8"},"modified":"2020-09-07T23:31:03","modified_gmt":"2020-09-07T23:31:03","slug":"startseite","status":"publish","type":"page","link":"https:\/\/ufuktandeniz.com\/","title":{"rendered":"Anasayfa \/ Home"},"content":{"rendered":"\n<p>\u0130STANBUL TEKN\u0130K \u00dcN\u0130VERS\u0130TES\u0130 T\u00dcRK M\u00dcZ\u0130\u011e\u0130 DEVLET KONSERVATUVARI SES E\u011e\u0130T\u0130M\u0130 B\u00d6L\u00dcM\u00dc MEZUNUYUM.<\/p>\n\n\n\n<p>ERDAL ERZ\u0130NCAN M\u00dcZ\u0130K KURSUNDA 6 SENEL\u0130K BA\u011eLAMA E\u011e\u0130T\u0130M\u0130 DERS S\u00dcREC\u0130N\u0130 TAMAMLAYARAK MEZUN OLDUM VE B\u0130R D\u00d6NEM ERDAL ERZ\u0130NCAN HOCAM \u0130LE \u00c7ALI\u015eTIM. DAHA SONRA BA\u011eLAMA E\u011e\u0130T\u0130M\u0130ME OKULUMUZUN USTALIK SINIFINDA AR\u0130F SA\u011e HOCAM \u0130LE \u00c7ALI\u015eARAK DEVAM ETT\u0130M.<\/p>\n\n\n\n<p>9 SENED\u0130R \u00c7E\u015e\u0130TL\u0130 KURSLARDA DERSLER VER\u0130P, AYNI ZAMANDA \u00d6ZEL DERS \u00d6\u011eRENC\u0130LER\u0130YLE \u00c7ALI\u015eMA FIRSATI BULDUM. MiLL\u0130 E\u011e\u0130T\u0130ME BA\u011eLI B\u0130R KURSTA BA\u011eLAMA DERSLER\u0130 VER\u0130P T\u00dcRK HALK M\u00dcZ\u0130\u011e\u0130 KOROSUNU \u00c7ALI\u015eTIRMAKTAYIM. HER SEV\u0130YEDEN VE YA\u015eTAN \u00d6\u011eRENC\u0130LERLE SIFIRDAN BA\u015eLAYARAK VEYA EKS\u0130KLER\u0130 DO\u011eRULTUSUNDA DERS PROGRAMI HAZIRLAYIP \u00c7ALI\u015eAB\u0130L\u0130R\u0130Z.<\/p>\n\n\n\n<p>DERSLER\u0130M\u0130ZDE;<\/p>\n\n\n\n<p>\u2022 UZUN SAP (BOZUK D\u00dcZEN)<\/p>\n\n\n\n<p>\u2022 Y\u00d6RE TAVIRLARI VE \u0130CRALARI<\/p>\n\n\n\n<p>\u2022 KISA SAP (BA\u011eLAMA D\u00dcZEN\u0130) \u0130CRA TEKN\u0130KLER\u0130<\/p>\n\n\n\n<p>\u2022 \u015eELPE (TEZENES\u0130Z \u0130CRA TEKN\u0130\u011e\u0130) TEL \u00c7EKME, PARMAK VURMA, PEN\u00c7E \u0130CRA TEKN\u0130KLER\u0130N\u0130 \u00d6\u011eRETMEYE YETK\u0130N\u0130M.<\/p>\n\n\n\n<p>7 YA\u015e VE \u00dcZER\u0130 \u00c7OCUKLAR \u0130LE NOTA E\u011e\u0130T\u0130M\u0130 DESTEKL\u0130 BA\u011eLAMA DERSLER\u0130 VERMEKTEY\u0130M.\u00c7OCUKLARLA \u0130Y\u0130 \u0130LET\u0130\u015e\u0130M KURAB\u0130LD\u0130\u011e\u0130M \u0130\u00c7\u0130N DERSLER\u0130 E\u011eLENCEL\u0130 HALE GET\u0130R\u0130YOR VE M\u00dcZ\u0130\u011eE \u0130LG\u0130 DUYMALARINI SA\u011eLIYORUM.<\/p>\n\n\n\n<p>BA\u011eLAMA DERSLER\u0130N\u0130 SKYPE \u00dcZER\u0130NDEN ONL\u0130NE VERMEKTEY\u0130M. DETAYLI B\u0130LG\u0130 VE SORULARINIZ \u0130\u00c7\u0130N \u0130LET\u0130\u015e\u0130ME GE\u00c7EB\u0130L\u0130R\u0130Z.<br>\u00dcCRETS\u0130Z \u0130LK DERS SUNUYORUM DERSLER\u0130N NASIL GER\u00c7EKLE\u015eT\u0130\u011e\u0130N\u0130 MERAK ED\u0130YORSANIZ DEMO DERS YAPAB\u0130L\u0130R\u0130Z.<\/p>\n","protected":false},"excerpt":{"rendered":"<p>\u0130STANBUL TEKN\u0130K \u00dcN\u0130VERS\u0130TES\u0130 T\u00dcRK M\u00dcZ\u0130\u011e\u0130 DEVLET KONSERVATUVARI SES E\u011e\u0130T\u0130M\u0130 B\u00d6L\u00dcM\u00dc MEZUNUYUM. ERDAL ERZ\u0130NCAN M\u00dcZ\u0130K KURSUNDA 6 SENEL\u0130K BA\u011eLAMA E\u011e\u0130T\u0130M\u0130 DERS S\u00dcREC\u0130N\u0130 TAMAMLAYARAK MEZUN OLDUM VE B\u0130R D\u00d6NEM ERDAL ERZ\u0130NCAN HOCAM \u0130LE \u00c7ALI\u015eTIM. DAHA SONRA BA\u011eLAMA E\u011e\u0130T\u0130M\u0130ME OKULUMUZUN USTALIK SINIFINDA AR\u0130F SA\u011e HOCAM \u0130LE \u00c7ALI\u015eARAK DEVAM ETT\u0130M. 9 SENED\u0130R \u00c7E\u015e\u0130TL\u0130 KURSLARDA DERSLER VER\u0130P, AYNI ZAMANDA \u00d6ZEL &hellip; <\/p>\n<p class=\"link-more\"><a href=\"https:\/\/ufuktandeniz.com\/\" class=\"more-link\">Okumaya devam et<span class=\"screen-reader-text\"> &#8220;Anasayfa \/ Home&#8221;<\/span><\/a><\/p>\n","protected":false},"author":1,"featured_media":0,"parent":0,"menu_order":0,"comment_status":"closed","ping_status":"closed","template":"","meta":[],"_links":{"self":[{"href":"https:\/\/ufuktandeniz.com\/index.php?rest_route=\/wp\/v2\/pages\/8"}],"collection":[{"href":"https:\/\/ufuktandeniz.com\/index.php?rest_route=\/wp\/v2\/pages"}],"about":[{"href":"https:\/\/ufuktandeniz.com\/index.php?rest_route=\/wp\/v2\/types\/page"}],"author":[{"embeddable":true,"href":"https:\/\/ufuktandeniz.com\/index.php?rest_route=\/wp\/v2\/users\/1"}],"replies":[{"embeddable":true,"href":"https:\/\/ufuktandeniz.com\/index.php?rest_route=%2Fwp%2Fv2%2Fcomments&post=8"}],"version-history":[{"count":3,"href":"https:\/\/ufuktandeniz.com\/index.php?rest_route=\/wp\/v2\/pages\/8\/revisions"}],"predecessor-version":[{"id":61,"href":"https:\/\/ufuktandeniz.com\/index.php?rest_route=\/wp\/v2\/pages\/8\/revisions\/61"}],"wp:attachment":[{"href":"https:\/\/ufuktandeniz.com\/index.php?rest_route=%2Fwp%2Fv2%2Fmedia&parent=8"}],"curies":[{"name":"wp","href":"https:\/\/api.w.org\/{rel}","templated":true}]}}